72 = 0. Let c = i - -21. Let l = 51 + c. What is the greatest common divisor of 72 and l?
18
Let p = 132 - 92. Calculate the highest common factor of 280 and p.
40
Let m(b) = -b**2 - 6*b + 14. Let s be m(-4). Calculate the greatest common factor of s and 44.
22
Let r(a) = 3*a**2 + 22*a - 69. Let h be r(-12). Calculate the greatest common factor of 9 and h.
9
Suppose -2*n - 2 = -5*w + 3*w, 5*w = 4*n + 2. Let j be 3 - (0 - -13)*w. What is the greatest common divisor of 203 and j?
29
Let c = 9 - 5. Let h be 6/c*(-902)/(-33). Suppose -7 - h = -3*y. Calculate the highest common factor of y and 32.
16
Let f = 35 + -21. Suppose 0 = -4*s + f - 6. Suppose 0 = -z - s*v + 18, -5*v + 2 = z - 31. Calculate the greatest common factor of z and 1.
1
Suppose -3*n + 204 = 3*m, 65 = 2*n + 4*m - 67. Let i = -138 - n. Let z = -131 - i. Calculate the greatest common factor of z and 11.
11
Suppose 44*x - 1763 + 443 = 0. What is the greatest common divisor of 465 and x?
15
Suppose 2*f + 3*c - 494 = 0, 26*c = -3*f + 28*c + 741. Calculate the highest common factor of f and 26.
13
Let l(t) = -t**3 + 5*t**2 - t + 5. Let a be l(4). Let n = -45 + 47. Suppose -n*j = -57 + a. What is the greatest common divisor of 5 and j?
5
Let s(d) be the third derivative of -d**6/120 + d**5/20 - d**4/24 - d**3/2 + 2*d**2. Let t be s(-2). Calculate the greatest common factor of 38 and t.
19
Suppose 45 = o - 3*f + 9, 3*f - 54 = -2*o. Let b(a) = a**3 - a**2. Let y be b(5). Suppose y = 2*l + 3*l. Calculate the highest common divisor of l and o.
10
Let l(r) = 7*r**2 - 6*r - 11. Let d be l(-3). Calculate the greatest common divisor of 14 and d.
14
Suppose -5*y + 25 + 55 = 0. Calculate the greatest common divisor of y and 352.
16
Let x be 14/(-28)*8/1 - -179. Calculate the greatest common factor of x and 25.
25
Suppose -5*y = -6 - 114. Suppose -11*c + 6*c + 70 = 0. Suppose -2*p = 2*w - 42, 1 + c = 3*p. Calculate the greatest common divisor of y and w.
8
Let v be (-18)/27*(-90)/4. Let r be v*(392/6)/7. Calculate the greatest common factor of r and 28.
28
Let q be 0*(-12)/156 + 19 + -1. Let m be (-2 + 1)*(-3 + -9). Calculate the greatest common divisor of m and q.
6
Suppose 2*v + 0*v = 26. Suppose -5*m + 7 = -458. Let g be m/v + 4/(-26). Calculate the greatest common factor of g and 1.
1
Let y(x) = -89*x - 33. Let g be y(-3). What is the highest common factor of g and 52?
26
Let t = 18 - 11. Let p(b) = 4*b + 13. Let r be p(5). Let l be -3 - -1*(r + -2). What is the greatest common divisor of t and l?
7
Let l(k) = -16*k - 53. Let x be l(-5). Calculate the greatest common divisor of 108 and x.
27
Suppose -21*o + 26*o - 3*y - 119 = 0, 3*o - 4*y = 78. Calculate the greatest common factor of o and 924.
22
Let y(x) = -x - 1. Let j be y(-3). Suppose -2*b - 2*m + 9 = 3, b = -j*m + 4. What is the greatest common divisor of b and 16?
2
Let a = 12 - 5. Let g(j) = 5*j + 24. Let h(z) = 11*z + 50. Let o(l) = 13*g(l) - 6*h(l). Let u be o(a). Calculate the highest common factor of 5 and u.
5
Let p = -411 - -453. What is the greatest common factor of p and 56?
14
Let d(y) = 25*y + 2 - 14 - 21*y. Let o be d(5). Suppose v - o = -v. Calculate the highest common divisor of 28 and v.
4
Let c be -2 + 6*(-3)/(-6). Suppose u = 5*o + 12, -2*o + 10 = 3*u - 4*o. Suppose 8*f = 10*f - u. What is the greatest common divisor of f and c?
1
Let q(w) = 2*w**2 + w - 3. Suppose -4*p - 9 = -3*c - 0*p, 4*c - 3*p - 12 = 0. Let x be q(c). What is the greatest common divisor of 6 and x?
6
Suppose -32*w = -68 - 28. What is the greatest common factor of w and 537?
3
Let r = 1902 - 1850. Calculate the greatest common factor of r and 650.
26
Let l(z) = 8*z**2 + 13*z - 88. Let m be l(4). What is the greatest common factor of m and 161?
23
Let h be (0/3 - 4) + 8. Suppose -72 = -h*x - a - 21, 4*a = 5*x - 69. What is the highest common factor of x and 91?
13
Let j be -2 + (0/(-2))/1. Let m be j/(-6)*-20*(-6)/4. What is the highest common factor of m and 70?
10
Let x(k) = 59*k + 2. Let y be x(1). Suppose -5*t + y = -69. Suppose -4*r - 6 + t = 0. Calculate the greatest common divisor of 40 and r.
5
Let q be -9*6*4/(-18). Let z(r) = r**2 + 9*r + 7. Let w be z(-8). Let f be (-3)/(w + 3/6). Calculate the greatest common divisor of q and f.
6
Suppose -124*z + 251 = -122*z - 5*w, -z + 2*w + 124 = 0. Calculate the highest common factor of 1534 and z.
118
Let q be (-2)/4 - (-22)/4. Suppose -2*a + 14 = 5*m, 3*m = 4*m - 2. Suppose 3*v = -o + 7, -3*o = -q*v + a + 5. Calculate the highest common divisor of v and 2.
2
Let o(w) = 53*w - 2. Let r be o(2). Suppose -15 = -4*b + 29. Suppose -3*s + 67 + b = 0. Calculate the highest common factor of r and s.
26
Suppose 0 = i + 3*h - 40, 6*h - 35 = -i + 4*h. Let q = -206 + 331. Calculate the greatest common factor of i and q.
25
Suppose 0 = -4*q + 214 + 46. Calculate the highest common divisor of q and 25.
5
Let w = -1049 - -2777. What is the greatest common factor of w and 64?
64
Let x be 6/378*9*70. What is the greatest common factor of x and 40?
10
Suppose -v + 5 + 0 = 0. Suppose 0 = 2*x + 5*h - 140, x + x - 100 = v*h. Suppose 135*n - 125*n = 100. Calculate the highest common divisor of n and x.
10
Suppose 0 = 2*h - 4*z - 150, h + 230 = 4*h - z. Let n = h + -65. What is the highest common divisor of n and 3?
3
Let q = 5 - 2. Suppose 6 + 27 = q*i - f, i = 3*f + 11. Calculate the greatest common factor of i and 22.
11
Let n = 82 + -33. Calculate the highest common factor of n and 35.
7
Let w(s) = -6*s**3 + 34*s**2 - 6*s - 7. Let v be w(5). Let g = -16 + 25. Calculate the greatest common factor of v and g.
9
Let w be (30/(-25))/(6/(-20)). Suppose -w*v = -0*v - 4, -2*l = 2*v - 12. Suppose -3*d + l*d = 18. What is the greatest common divisor of 63 and d?
9
Let t = -385 - -387. What is the greatest common divisor of t and 22?
2
Suppose 5266 = 16*f - 18862. Calculate the greatest common divisor of 116 and f.
116
Let b(r) = -21*r - 278. Let n be b(-16). Calculate the highest common factor of 667 and n.
29
Let n = 83 - 79. Suppose -105 = -2*z + h, -n*z - 3*h = -8*h - 225. Calculate the greatest common factor of z and 30.
10
Let z(n) = 20*n**3 - 2*n**2 + n - 1. Let i be z(2). What is the greatest common factor of 204 and i?
51
Suppose 0*a + 4*a = 3*g - 34, -2*a = -2*g + 22. Let d = 764 - 754. What is the highest common divisor of d and g?
10
Let q be 50*(3/6)/1. Suppose 0 = 5*n + q, 4*m + n + 517 = 1644. Suppose -17 = -5*g + m. Calculate the greatest common divisor of 12 and g.
12
Let h = -590 + 601. Suppose 2*d + v + v - 68 = 0, 0 = 2*d - 2*v - 64. Calculate the highest common divisor of h and d.
11
Let k = -268 - -293. What is the greatest common factor of 95 and k?
5
Let k = -350 - -367. Calculate the highest common factor of 17 and k.
17
Let f(n) = 9*n - 67. Let t be f(13). What is the highest common factor of 80 and t?
10
Let z(j) = -j**2 - 34*j - 58. Let m be z(-16). Calculate the greatest common divisor of m and 92.
46
Suppose 40*j = 29*j - 1639. Let y = -69 - j. What is the highest common factor of y and 32?
16
Suppose -8*t + 3*t = 2*c - 119, -4*c + 283 = t. What is the highest common divisor of c and 30?
6
Let n(y) = 5*y - 6. Let q be n(4). Suppose 4*a + 4*o = q + 6, 2*o = -a + 9. Let h be 2*a - 152/(-4). What is the greatest common divisor of 5 and h?
5
Let n = 1042 - 1014. Calculate the highest common divisor of n and 378.
14
Suppose d - 87 = -3*b, -2*d + d - 4*b + 87 = 0. What is the greatest common divisor of 12 and d?
3
Let r = -201 - -226. Let v(y) = -4 + 2*y + y - 4*y. Let g be v(-9). What is the highest common factor of g and r?
5
Suppose 3*h = 3*f + 498, -3*h - 8*f = -10*f - 500. Let q = -96 - -120. What is the greatest common factor of h and q?
24
Let f = -38 - -35. Let g be -2 + (f/2 + 1)*-12. What is the highest common divisor of g and 32?
4
Let a(x) = -x**3 + 11*x**2 - 3*x + 11. Let y be a(11). Let h = 24 + y. Suppose -h*d + 200 = -86. What is the greatest common factor of d and 13?
13
Suppose -3*v + 5*c - 2*c = -21, 4*c - 35 = -3*v. Suppose -3*j = -v, 2*j = -q + j + 61. Calculate the highest common divisor of 87 and q.
29
Let u = -488 - -761. Calculate the greatest common factor of u and 21.
21
Let q be 78/8*20/(-6)*-2. What is the highest common factor of q and 299?
13
Let k be 52/39 - (-82)/6. L